291 + 14307. What is f(m)?
-25
Let b(k) = 1195*k**2 - 2384*k**2 + 1188*k**2 + 8*k + 43. Give b(-4).
-5
Let n(k) = 7*k**2 + 9*k - 12. Suppose 16*l = 18*l - 28. Suppose 4*y + 40 = l*y. Let f(c) = 3*c**2 + 5*c - 6. Let s(z) = y*n(z) - 9*f(z). Give s(8).
-2
Let k(r) = r**3 + 8*r**2 + 3*r + 6. Let d(t) be the first derivative of 3*t**4/2 + 41*t**3/3 + 7*t**2 + 31*t + 97. Let z(a) = -2*d(a) + 11*k(a). Calculate z(7).
-10
Let w(h) = h**3 - 12*h**2 + 6*h + 33. Let a(u) = 10*u - 639. Let l be a(65). Calculate w(l).
-22
Let a be (-1)/4 - (-26)/8. Let t(p) be the second derivative of -1/3*p**3 + p + 1/2*p**2 - 4. Give t(a).
-5
Let u(h) be the first derivative of -9*h**2/2 + 8*h - 2419. Calculate u(7).
-55
Let c(k) = 2*k - 20. Let m(u) = u**3 + 31*u**2 + 31*u + 34. Let l be m(-30). Let n(g) = -2*g + 16. Let f(s) = l*c(s) + 5*n(s). Give f(1).
-2
Suppose 34*v + 74 = -62. Let x(d) = -d**3 - 4*d**2 - 4*d - 4. What is x(v)?
12
Let a(p) = -115*p + 528. Let l(m) = 101*m - 523. Let t(g) = 2*a(g) + 3*l(g). What is t(7)?
-2
Let k(n) be the first derivative of n**4/12 + n**3/6 - 2*n**2 + 54*n + 87. Let v(w) be the first derivative of k(w). Calculate v(-5).
16
Let u = -311 - -123. Let r = u + 199. Let h(c) = c**2 - 12*c + 7. What is h(r)?
-4
Let a(q) = 3*q**3 - q - 1. Let t be a(-1). Let j(w) = -7*w + 78. Let p(x) = 144*x - 1612. Let u(z) = -62*j(z) - 3*p(z). Give u(t).
-6
Let h(y) be the third derivative of -y**4/24 + y**3/3 + y**2 - 22. Let d be 6 + -4 + -3 + (7 - 0). Give h(d).
-4
Let h be 20/3*36/30 - 6. Let p be ((-12)/9)/h + (-1295)/105. Let t(n) = -n**3 - 14*n**2 - 12*n + 6. Calculate t(p).
-7
Let f(q) be the first derivative of -q**4/4 - 4*q**3/3 + 5*q**2/2 - 3*q - 2. Let a = 101 + -118. Let g = -22 - a. What is f(g)?
-3
Let j(i) = i**2 - i + 1. Suppose -5*b + 4*a = 5 - 45, -3*b - a + 7 = 0. Suppose -5*q + 10 = -5*y, y + 20 = -q - b*q. What is j(q)?
13
Let l = 3937 + -3942. Let r(b) = -6 - 4*b**3 + 3*b**3 - 6*b**2 + b**2 + 8. Give r(l).
2
Let t(j) = -2*j**3 - j - 1. Let u = -126 - -128. Let i(l) = 5*l**3 - 7*l**2 - 7*l + 11. Let m(q) = u*t(q) + i(q). Give m(8).
1
Let d(h) = h**2 - 27*h + 31. Suppose 0 = -39*l - 12*l + 1326. What is d(l)?
5
Let m(o) = -o**2 + o + 2. Let f = -81 - -81. Suppose f = -0*a + 8*a - 48. Suppose -a*l = -0*l + 9*l. Give m(l).
2
Let m(g) be the first derivative of g**3/3 + 9*g**2 + 14*g - 550. Calculate m(-18).
14
Let b be -10 + (-7 - (1 + -7)). Let v(i) = -16*i**2 - 34*i + 29. Let p(c) = -3*c**2 - 7*c + 6. Let q(z) = b*p(z) + 2*v(z). What is q(-10)?
2
Let u(h) = -4*h**2 - 5. Let a(v) = -19*v**2 - 24. Let i(q) = -3*a(q) + 14*u(q). Suppose 6*z - z + 5 = 2*x, z = -2*x - 1. Calculate i(x).
2
Let m = -404 - -445. Suppose m = -10*f - 19. Let p(b) = 3*b + 7 + 2 - b. Calculate p(f).
-3
Let u(r) = 4*r - 14. Let v(w) = 17*w - 42. Let t(g) = -10*u(g) + 3*v(g). What is t(-2)?
-8
Let x(a) be the first derivative of 1/20*a**5 - 15 - 1/3*a**4 - 13*a - 2*a**2 - 1/6*a**3. Let z(g) be the first derivative of x(g). Calculate z(4).
-8
Let o(k) be the first derivative of k**6/120 + 7*k**5/60 + 7*k**4/24 - k**3/2 - 73*k**2 - 121. Let q(p) be the second derivative of o(p). Determine q(-6).
-9
Let y(u) = -26*u + 5. Let i = -39560 + 39560. Determine y(i).
5
Let n be (-75)/300*((-3)/(-1))/(3/28). Let u(c) be the third derivative of c**4/12 + 5*c**3/3 + 3*c**2. What is u(n)?
-4
Let f(y) be the first derivative of 13*y**3/3 + y + 1245. Let v(q) = q - 2. Let l be v(4). Suppose 3*o + 0 = -5*c - 23, o + l*c + 9 = 0. Give f(o).
14
Let d(o) = o**3 - 5*o**2 - 17. Let l(v) = -v**3 + 4*v**2 + 22. Let k(h) = -3*d(h) - 2*l(h). What is k(7)?
7
Suppose -9*x + 1 = 2*l - 8*x, 4*x = 3*l - 18. Let m(c) = -2*c + 69 + 77 - 145 - l*c. Determine m(2).
-7
Let y(k) be the first derivative of 23*k**2/2 + 302*k - 1616. Give y(-13).
3
Let h(d) = -d**2 + 25*d - 107. Let l be h(19). Suppose t - 7 = -3*a, -t = -5*a + 4*a - l. Let x(o) = -8 + o + 2*o - o. Determine x(t).
6
Let r(a) be the third derivative of a**6/360 + 12*a**3 - 21*a**2. Let d(i) be the first derivative of r(i). Give d(-2).
4
Let r(l) = l**2 - 3*l - 15 + 7 + 5*l. Let d = -171130 - -171134. Give r(d).
16
Let r(a) = 7*a**3 - 2*a**2 + 3*a - 20. Let p(z) = 4*z**3 - z**2 + 3*z - 14. Let l(y) = 3*p(y) - 2*r(y). Give l(3).
-38
Let p(g) = 12*g - 5. Suppose 100*s + 71 = 40 + 331. What is p(s)?
31
Suppose 0*w + 2 = w. Let z(r) = 18*r**3 - 37*r**2 + r + 4. Let n(b) = -5*b**3 + 10*b**2 - 1. Let t(u) = 7*n(u) + 2*z(u). What is t(w)?
-3
Let n(f) be the first derivative of -f**2/2 + 2*f - 15. Let j(t) = -7*t + 7. Let s(b) = -j(b) + 6*n(b). What is s(-3)?
2
Let u = 3599 - 3596. Let r(a) be the second derivative of 1/6*a**u + 1/5*a**5 + 0 - 1/2*a**2 - 22*a + 0*a**4. Determine r(1).
4
Let v be -39*(-4)/12 - 0/(-2). Let x(i) = -v - 17*i + i**2 + 59*i - 14*i - 25*i. What is x(-5)?
-3
Let o(b) = 5*b - 35. Suppose 4*h + 5*v = 13, -10 = -h + v - 0. Determine o(h).
0
Suppose 5*v + 15 = -15. Let x(y) = 127*y**3 - 9*y**2 + 2*y - 2. Let m(l) = -32*l**3 + l**2 + l + 2. Let r(f) = 4*m(f) + x(f). Determine r(v).
6
Suppose 4*k - 11 = -p + 2, k - p - 7 = 0. Suppose -4*g = -2*g. Let m(f) = g + 10 - 3*f - 7. Give m(k).
-9
Suppose -2 = 4*a - 2*a. Let v(b) be the second derivative of 1/12*b**4 + 24 + 1/3*b**3 + b - 1/10*b**5 + 1/2*b**2. What is v(a)?
2
Let o be 5/(15/21) - 4. Let z(b) = 1 + 1 - 4 - o*b + 2*b. Suppose -3*g = 4*i - 2*i + 18, -31 = 5*i + 4*g. What is z(i)?
1
Suppose 3*z - c = -2*c + 10, 3*z - 5 = 4*c. Let y(f) = -1684 - f - 4*f**3 + 3*f + 3*f**z + 8*f**2 + 1675. Determine y(8).
7
Suppose 2*m + 5*w + 34 = 0, -34*m + 38*m + 4*w + 20 = 0. Let n(q) = 5*q. Let p(u) = 6*u - 1. Let g(x) = -5*n(x) + 4*p(x). Give g(m).
-7
Let x(l) = -3*l + 41. Let p be x(12). Suppose 4*v - p*z = 59, 4*v - 8*v - 2*z + 38 = 0. Let r(q) = -q**2 + 11*q + 4. What is r(v)?
4
Let k(y) = 3*y**2 - 96*y + 5. Suppose 221*g - 4789 = 72*g - 21. Determine k(g).
5
Let q(k) = -k**3 + k**2 + 7*k + 26. Let z be q(4). Suppose 0 = -2*m + a + 16, 29 = z*m - m + 3*a. Let o(u) = -u**2 + 8*u - 9. Determine o(m).
-2
Let g(q) = 556*q - 1101*q + 553*q + 241. Give g(-31).
-7
Suppose -4*f + 84 = 17*f. Suppose f*h - 24 = 3*s - 0*s, h + 2*s = -5. Let z(w) be the second derivative of w**4/6 - w**3/3 - 3*w**2/2 + 11*w. Calculate z(h).
9
Let w = 19751/39510 + 2/19755. Let m(y) be the first derivative of -1/4*y**4 + 7*y - 14 - w*y**2 + 7/3*y**3. Determine m(7).
0
Suppose 16*h - 3 = 19*h. Let r(m) = -8*m**3 - 3*m**2 + 2*m - 3. Let s(n) = -20*n**3 - 8*n**2 + 6*n - 8. Let v(a) = 11*r(a) - 4*s(a). Calculate v(h).
8
Let r(j) be the third derivative of 13*j**5/20 - j**4/4 + 7*j**3/6 - 4784*j**2. Determine r(2).
151
Let o(d) be the second derivative of -d**3/3 - 5*d**2 - 442*d. Let g be (1 - 0)/(4/(-32)). Calculate o(g).
6
Let s(m) = 3*m - 80. Let h be s(32). Let z(y) = h - 17*y - 12*y - 11*y + 39*y. What is z(0)?
16
Let a(j) be the third derivative of -j**4/12 - 25*j**3/3 + 11*j**2 + 352. Calculate a(18).
-86
Let u(x) be the second derivative of -x**4/6 + 5*x**3/3 + 9*x**2/2 + 871*x. Give u(6).
-3
Let d(x) = 20*x**2 + 1. Suppose -4*t + 1424 + 492 = -2*h, -t - 2860 = 3*h. Let m = h - -955. What is d(m)?
21
Let v(w) = 7*w. Suppose -10*c = -21*c + 44. Suppose 3*k = c*p + 17, 2*k + 2*p - 2 = -0*p. Calculate v(k).
21
Let s be ((-12)/10)/(54/3420). Let d = s + 78. Let l(o) = 1. Let h(c) = -3*c - 4. Let z(y) = h(y) + 3*l(y). What is z(d)?
-7
Suppose 34 = -36*i + 38*i. Suppose -i = 5*k + 8, -5*k - 36 = w. Let u(v) = -v - 4. What is u(w)?
7
Let n(f) be the first derivative of -f**4/4 + 4*f**3/3 + 3*f**2 + 79. Suppose -6 + 4 = -w. Suppose -2 = -w*l, 0*j - 2 = -j + 3*l. Give n(j).
5
Let v(f) = -12*f - 5. Let n(k) = -3*k**2 + 29*k + 131. Let y be n(13). Determine v(y).
-17
Let f(k) be the second derivative of k**5/20 - 5*k**4/4 - k**3 + 8*k**2 - 38*k. Let x be f(15). Let w = -77 - x. Let n(s) = -s - 1. Determine n(w).
2
Let i(a) be the second derivative of -a**5/20 - 3*a**4/4 + 7*a**3/3 + 7*a**2 + 3*a. Let t = -9818 - -9808. What is i(t)?
-26
Suppose -124 = 35*c - 26*c - 40*c. Let u(i) = i**2 + 4*i + 4. Determine u(c).
36
Let d(o) = o**2 + 14*o + 16*o - 38*o. Suppose 13*f = 5*f - 272. Let x = -26 - f. Determine d(x).
0
Let o be 29*(-2 + 1) + -1. Let p be 2 - (0 - -6) - o. Let j(h) = -17*h - 2 + 67*h - 21*h - p*h. Give 